233
What are the prime factors of 75809207?
433, 175079
List the prime factors of 1396127166.
2, 3, 7, 53, 627191
What are the prime factors of 15165087?
3, 7, 722147
What are the prime factors of 314584368?
2, 3, 7, 19, 49277
List the prime factors of 428508732.
2, 3, 17, 2100533
List the prime factors of 449753658.
2, 3, 74958943
List the prime factors of 83687775.
3, 5, 233, 4789
What are the prime factors of 1731788944?
2, 108236809
List the prime factors of 24310398.
2, 3, 7, 578819
List the prime factors of 182641517.
182641517
What are the prime factors of 892863426?
2, 3, 7, 13, 17, 29, 31, 107
What are the prime factors of 45208300?
2, 5, 452083
List the prime factors of 44563047.
3, 2251, 6599
What are the prime factors of 92833374?
2, 3, 79, 139, 1409
List the prime factors of 348192659.
107, 3254137
List the prime factors of 573663926.
2, 11, 1013, 25741
List the prime factors of 4475011814.
2, 7, 13, 179, 137363
What are the prime factors of 41874094?
2, 17, 109, 11299
List the prime factors of 286939312.
2, 11, 263, 6199
What are the prime factors of 217873670?
2, 5, 7, 47, 1409
What are the prime factors of 103266381?
3, 17, 2024831
What are the prime factors of 1894726361?
11, 23, 107, 69991
What are the prime factors of 30340442?
2, 11, 1379111
What are the prime factors of 1352426994?
2, 3, 653, 115061
List the prime factors of 161475359.
161475359
List the prime factors of 634783279.
13, 23, 41, 53, 977
List the prime factors of 192020087.
7, 27431441
List the prime factors of 47698512.
2, 3, 19, 52301
What are the prime factors of 1720868766?
2, 3, 53, 5411537
List the prime factors of 49237380.
2, 3, 5, 37, 7393
List the prime factors of 157780151.
139, 709, 1601
What are the prime factors of 2186363489?
17, 128609617
List the prime factors of 8320034.
2, 47, 61, 1451
What are the prime factors of 2163049284?
2, 3, 11, 16386737
List the prime factors of 959902633.
959902633
List the prime factors of 148767077.
157, 947561
List the prime factors of 2369302926.
2, 3, 19, 107, 10223
What are the prime factors of 12369800?
2, 5, 127, 487
What are the prime factors of 820538126?
2, 43, 47, 4721
List the prime factors of 59464545.
3, 5, 7, 23, 24623
List the prime factors of 837820191.
3, 13, 541, 39709
List the prime factors of 108312037.
23, 41, 114859
List the prime factors of 305120358.
2, 3, 1883459
What are the prime factors of 4584271205?
5, 916854241
List the prime factors of 83991688.
2, 11, 954451
What are the prime factors of 209145403?
3719, 56237
List the prime factors of 24045978.
2, 3, 11, 364333
What are the prime factors of 2772093151?
17, 29, 269, 20903
List the prime factors of 785341625.
5, 59, 106487
What are the prime factors of 458572546?
2, 229286273
List the prime factors of 10015106.
2, 5007553
What are the prime factors of 47928141?
3, 5325349
What are the prime factors of 160284284?
2, 40071071
What are the prime factors of 362144981?
11, 181, 181891
What are the prime factors of 473303851?
17, 19, 233, 331
What are the prime factors of 18575848?
2, 2321981
What are the prime factors of 135925905?
3, 5, 19, 509, 937
List the prime factors of 143593937.
223, 643919
List the prime factors of 57507422.
2, 7, 1531, 2683
List the prime factors of 42386281.
7, 727, 8329
What are the prime factors of 65754218?
2, 61, 179, 3011
What are the prime factors of 3353524640?
2, 5, 241, 86969
What are the prime factors of 253495887?
3, 1931, 43759
What are the prime factors of 203399799?
3, 79, 89, 9643
What are the prime factors of 5945084547?
3, 809, 2449561
List the prime factors of 4349984568.
2, 3, 59, 739, 4157
List the prime factors of 175713488.
2, 10982093
What are the prime factors of 38849968?
2, 2428123
List the prime factors of 206260755.
3, 5, 37, 59, 6299
List the prime factors of 289471870.
2, 5, 1223, 23669
List the prime factors of 97171938.
2, 3, 59, 91499
List the prime factors of 38757316.
2, 13, 31, 24043
List the prime factors of 70136166.
2, 3, 463, 25247
What are the prime factors of 940183706?
2, 7, 11, 6105089
What are the prime factors of 243510923?
243510923
What are the prime factors of 2863035563?
3583, 799061
What are the prime factors of 158773993?
7, 37, 223, 2749
What are the prime factors of 1536764527?
23, 6827, 9787
List the prime factors of 193118940.
2, 3, 5, 7, 153269
List the prime factors of 60236073.
3, 6692897
What are the prime factors of 39267887?
39267887
What are the prime factors of 281312551?
13, 21639427
What are the prime factors of 26973332?
2, 6743333
What are the prime factors of 69414310?
2, 5, 7, 991633
List the prime factors of 1537397441.
23, 66843367
What are the prime factors of 381617171?
13, 197, 149011
List the prime factors of 248973471.
3, 27663719
What are the prime factors of 654924898?
2, 17, 41, 59, 7963
List the prime factors of 1612921410.
2, 3, 5, 17, 117133
List the prime factors of 867706334.
2, 11, 61, 646577
List the prime factors of 212229411.
3, 17, 19, 219019
What are the prime factors of 4747770193?
23, 41, 5034751
What are the prime factors of 47464960?
2, 5, 18541
List the prime factors of 81000698.
2, 947, 42767
What are the prime factors of 364006284?
2, 3, 2503, 12119
What are the prime factors of 106738322?
2, 79, 675559
What are the prime factors of 440641274?
2, 19, 11595823
What are the prime factors of 3856070337?
3, 7, 89, 359, 821
What are the prime factors of 159303043?
5701, 27943
List the prime factors of 449765382.
2, 3, 11, 6814627
What are the prime factors of 2435409741?
3, 401, 547, 3701
List the prime factors of 54161906.
2, 139, 194827
What are the prime factors of 34086065?
5, 13, 37, 14173
What are the prime factors of 170248276?
2, 11, 59, 65581
List the prime factors of 187208258.
2, 139, 673411
What are the prime factors of 97976632?
2, 13, 631, 1493
List the prime factors of 1068670532.
2, 29, 829, 11113
List the prime factors of 25831985.
5, 431, 11987
What are the prime factors of 77242874?
2, 38621437
What are the prime factors of 396784207?
12329, 32183
What are the prime factors of 11315831?
67, 168893
What are the prime factors of 1242729557?
41, 30310477
What are the prime factors of 128617755?
3, 5, 7, 29, 42239
What are the prime factors of 3075248988?
2, 3, 7, 251, 48619
What are the prime factors of 1342008936?
2, 3, 18639013
List the prime factors of 176905035.
3, 5, 101, 38923
What are the prime factors of 154663848?
2, 3, 37, 58057
List the prime factors of 2832293872.
2, 177018367
List the prime factors of 1766620605.
3, 5, 117774707
What are the prime factors of 1770763664?
2, 29, 773, 4937
What are the prime factors of 184026185?
5, 7, 163, 32257
List the prime factors of 1102247608.
2, 7, 11, 19, 41, 2297
What are the prime factors of 40505763?
3, 13501921
List the prime factors of 38168685.
3, 5, 167, 1693
List the prime factors of 196446621.
3, 7, 41, 151, 1511
What are the prime factors of 94057119?
3, 13, 6871
List the prime factors of 1862517472.
2, 421, 138251
What are the prime factors of 283162894?
2, 7, 3347, 6043
List the prime factors of 663334827.
3, 139, 1590731
What are the prime factors of 483127465?
5, 157, 615449
List the prime factors of 156968973.
3, 7, 17, 146563
List the prime factors of 248255478.
2, 3, 13791971
List the prime factors of 244888201.
244888201
List the prime factors of 72229289.
11, 6566299
List the prime factors of 1905341755.
5, 19, 1055591
What are the prime factors of 3284796330?
2, 3, 5, 73, 499969
List the prime factors of 88375703.
13, 6798131
What are the prime factors of 7989008569?
9001, 887569
What are the prime factors of 1421307109?
59, 139, 173309
List the prime factors of 2054975911.
241, 8526871
List the prime factors of 28055928.
2, 3, 1168997
List the prime factors of 66155741.
37, 71, 25183
What are the prime factors of 448745110?
2, 5, 11, 373, 10937
What are the prime factors of 396097296?
2, 3, 7, 953, 1237
What are the prime factors of 116936280?
2, 3, 5, 37, 8779
What are the prime factors of 38766474?
2, 3, 2153693
List the prime factors of 125322936.
2, 3, 19, 274831
What are the prime factors of 181925836?
2, 19, 2393761
List the prime factors of 2408356921.
61, 157, 251473
What are the prime factors of 369727314?
2, 3, 11